{"id":296338,"date":"2025-02-06T09:47:20","date_gmt":"2025-02-06T08:47:20","guid":{"rendered":"https:\/\/alicanteturismo.com\/events\/fiestas-de-la-virgen-del-carmen\/"},"modified":"2025-09-26T13:39:49","modified_gmt":"2025-09-26T11:39:49","slug":"fiestas-de-la-virgen-del-carmen","status":"publish","type":"mec-events","link":"https:\/\/dev.alicanteturismo.com\/de\/events\/fiestas-de-la-virgen-del-carmen\/","title":{"rendered":"Fiestas de la Virgen del Carmen"},"content":{"rendered":"<p>En el mes de julio, la <strong>Isla de Tabarca<\/strong> vive una emotiva celebraci\u00f3n con la tradicional romer\u00eda mar\u00edtima en honor a la <strong>Virgen del Carmen<\/strong>, coincidiendo con la temporada tur\u00edstica. Esta festividad combina la solemnidad de los actos religiosos con la alegr\u00eda propia del verano.<\/p>\n<p>El 16 de julio, la imagen de la Virgen es trasladada en barco en una procesi\u00f3n cargada de simbolismo, mientras los asistentes arrojan flores al mar en homenaje a los marineros que han perdido la vida. Los cantos y las oraciones marianas llenan el ambiente de espiritualidad y emotividad.<\/p>\n<p>Estas celebraciones permiten experimentar la esencia \u00fanica de Tabarca.<\/p>\n","protected":false},"excerpt":{"rendered":"<p>En el mes de julio, la Isla de Tabarca vive una emotiva celebraci\u00f3n con la tradicional romer\u00eda mar\u00edtima en honor a la Virgen del Carmen, coincidiendo con la temporada tur\u00edstica. Esta festividad combina la solemnidad de los actos religiosos con la alegr\u00eda propia del verano. El 16 de julio, la imagen de la Virgen es [&hellip;]<\/p>\n","protected":false},"author":1,"featured_media":296339,"template":"","tags":[],"mec_category":[580,597],"class_list":["post-296338","mec-events","type-mec-events","status-publish","has-post-thumbnail","hentry","mec_category-fiestas","mec_category-fiestas-tradicionales"],"acf":[],"_links":{"self":[{"href":"https:\/\/dev.alicanteturismo.com\/de\/wp-json\/wp\/v2\/mec-events\/296338","targetHints":{"allow":["GET"]}}],"collection":[{"href":"https:\/\/dev.alicanteturismo.com\/de\/wp-json\/wp\/v2\/mec-events"}],"about":[{"href":"https:\/\/dev.alicanteturismo.com\/de\/wp-json\/wp\/v2\/types\/mec-events"}],"author":[{"embeddable":true,"href":"https:\/\/dev.alicanteturismo.com\/de\/wp-json\/wp\/v2\/users\/1"}],"version-history":[{"count":0,"href":"https:\/\/dev.alicanteturismo.com\/de\/wp-json\/wp\/v2\/mec-events\/296338\/revisions"}],"wp:featuredmedia":[{"embeddable":true,"href":"https:\/\/dev.alicanteturismo.com\/de\/wp-json\/wp\/v2\/media\/296339"}],"wp:attachment":[{"href":"https:\/\/dev.alicanteturismo.com\/de\/wp-json\/wp\/v2\/media?parent=296338"}],"wp:term":[{"taxonomy":"post_tag","embeddable":true,"href":"https:\/\/dev.alicanteturismo.com\/de\/wp-json\/wp\/v2\/tags?post=296338"},{"taxonomy":"mec_category","embeddable":true,"href":"https:\/\/dev.alicanteturismo.com\/de\/wp-json\/wp\/v2\/mec_category?post=296338"}],"curies":[{"name":"wp","href":"https:\/\/api.w.org\/{rel}","templated":true}]}}

<p>En el mes de julio, la <strong>Isla de Tabarca</strong> vive una emotiva celebración con la tradicional romería marítima en honor a la <strong>Virgen del Carmen</strong>, coincidiendo con la temporada turística. Esta festividad combina la solemnidad de los actos religiosos con la alegría propia del verano.</p>
<p>El 16 de julio, la imagen de la Virgen es trasladada en barco en una procesión cargada de simbolismo, mientras los asistentes arrojan flores al mar en homenaje a los marineros que han perdido la vida. Los cantos y las oraciones marianas llenan el ambiente de espiritualidad y emotividad.</p>
<p>Estas celebraciones permiten experimentar la esencia única de Tabarca.</p>

<p>En el mes de julio, la Isla de Tabarca vive una emotiva celebración con la tradicional romería marítima en honor a la Virgen del Carmen, coincidiendo con la temporada turística. Esta festividad combina la solemnidad de los actos religiosos con la alegría propia del verano. El 16 de julio, la imagen de la Virgen es [&hellip;]</p>
